s of l(n)?
5, 17
What are the prime factors of (-39400)/(-45) - 12/(-27)?
2, 3, 73
Suppose 0 = -4*a - 12, 5*a = 5*k - 0*a - 2945. List the prime factors of k.
2, 293
Let u(s) = s**3 - 6*s**2 - 7*s - 19. List the prime factors of u(9).
7, 23
Let h(l) be the second derivative of l**4/12 + 11*l**3/6 - l**2 + 4*l. Let r(b) = 5*b**2 + 45*b - 8. Let d(j) = 9*h(j) - 2*r(j). List the prime factors of d(4).
2, 3
Let m(z) = -z**3 - 13*z**2 + 16*z + 14. Let p be m(-14). List the prime factors of (-93)/(-7) + 4/p.
13
Suppose u + 5*k - 46 = 0, -6*u - 2*k + 138 = -u. Let p = u - 24. List the prime factors of p.
2
What are the prime factors of -1*((-1)/3 - 1316/3)?
439
List the prime factors of 2893/22*(-3 + 5).
263
Suppose -4*c = 4*u + 40, -2*c - 6*u + u - 23 = 0. Let z(q) = q - 5. Let h be z(4). What are the prime factors of (h + (-12)/c)*33?
11
Suppose -25*i + 30*i = o + 16752, 4*o = -8. List the prime factors of i.
2, 5, 67
Let x(t) = t**2 + 6*t + 14. Suppose 0 = -4*s - 5*f - 0 - 27, f - 41 = 5*s. List the prime factors of x(s).
2, 3, 5
Let d = -11 - -14. Let o(h) = -335*h - 7. Let f be o(d). What are the prime factors of (-4)/16 - f/16?
3, 7
Let y be (-2)/(-8) + 42/24. Suppose 8 - 2 = -2*m, y*i + 3*m - 27 = 0. Let w = 12 + i. List the prime factors of w.
2, 3, 5
Let q = 395 + 817. List the prime factors of q.
2, 3, 101
What are the prime factors of 41860/(-50)*5/(-2)?
7, 13, 23
Let p(b) = 4*b**2 + 9*b + 12. List the prime factors of p(7).
271
What are the prime factors of (-2)/(-6) + 21/((-630)/(-110540))?
5, 11, 67
Let s(l) = l**3 - 12*l**2 + 33*l - 12. List the prime factors of s(13).
2, 293
Let m(l) = 68*l - 96. List the prime factors of m(21).
2, 3, 37
Let d = 289 - -982. What are the prime factors of d?
31, 41
Suppose -3*z + 73*d - 71*d = -2712, -5*d + 3639 = 4*z. List the prime factors of z.
2, 3, 151
Let v be 84/(-105)*(1 - 26). What are the prime factors of (3 + (-35)/(-25))/(1/v)?
2, 11
Suppose -4*q - 4*p = -2 + 30, 4*p = 4*q + 4. Let a = q + 9. Suppose -3*l - 2*o + 88 + 47 = 0, a*l = -3*o + 225. List the prime factors of l.
3, 5
Let z(f) = -f**3 + 27*f**2 + 139*f - 1. List the prime factors of z(30).
13, 113
What are the prime factors of 863 - (3 + -6*4/(-12))?
2, 3, 11, 13
What are the prime factors of (1 + (-2)/(-4))/(93/77438)?
1249
Let m be 18 + (0 - -1) - -2. Let c = 29 + 18. Let b = c - m. What are the prime factors of b?
2, 13
Suppose -d = d - 6. Suppose -a = d*a - 332. List the prime factors of a.
83
Suppose -14310 = -19*i - 35*i. List the prime factors of i.
5, 53
Let f(y) = 66*y**2 - 3*y - 1. Let u(z) = z**3 + 2*z**2 - 5*z - 7. Let s be u(-3). What are the prime factors of f(s)?
2, 17
Suppose 35*x = -0*x + 16100. What are the prime factors of x?
2, 5, 23
Let t(b) = -b**3 + 42*b**2 + 115*b + 72. List the prime factors of t(44).
2, 3, 5, 7
Suppose -2*d + d = -1, -3*c + 341 = -d. What are the prime factors of c?
2, 3, 19
What are the prime factors of 2 + (-4344*2)/(-8)?
2, 17
Suppose 0 = 2*a + a - 30. Let f = -18 + a. What are the prime factors of (-148)/f + (-6)/4?
17
Suppose 0 = 5*z - z + h - 26, -3*z - 5*h + 28 = 0. Let u(n) = -n**3 + 11*n**2 - 9*n + 6. List the prime factors of u(z).
2, 3, 11
Suppose 14*n - 2812 - 646 = 0. List the prime factors of n.
13, 19
Suppose t = -2*u + 14, 0*t + 5*t + 5 = 5*u. Suppose -u*o + 103 = -4*o. List the prime factors of o.
103
Suppose 11*l + 1899 = 10028. What are the prime factors of l?
739
Suppose 5*d - 6*d + 10 = 0. Let p = 497 - 493. List the prime factors of (d + -2 - p)*15.
2, 3, 5
Suppose -h = -0*h - 3. Suppose 4*b - 240 = -r, -h*b + 5*r = 7*r - 180. Suppose -3*q = 3*s - b, 4*s - 37 = 2*s + q. List the prime factors of s.
19
Let m(c) = c - 6. Let j(r) = -1. Let t(i) = -2*j(i) - m(i). Let o be t(7). What are the prime factors of 96/9 - o/(-3)?
11
Let j = -99 - -92. Let o(r) = 0*r - 2*r**2 + 3*r**2 + 5*r. List the prime factors of o(j).
2, 7
Let o = -4 + -18. Let j = 25 - o. Suppose -37 = -f + 5*z, -z + 4*z = f - j. What are the prime factors of f?
2, 31
Suppose -2*f + 3*f - 106 = 0. Suppose 4*b = -5*z + f + 105, -4*z = -5*b - 177. What are the prime factors of z?
43
Let i = 4 - -80. Let t(x) = x - 3. Let c be t(3). Suppose 5*b + c*h = -5*h + 155, -4*h = -4*b + i. List the prime factors of b.
2, 13
Let u = 234 - -70. List the prime factors of u.
2, 19
Let v(c) = c**3 + 10*c**2 - 18*c - 38. Let d be v(-11). Suppose -d + 408 = 3*s. What are the prime factors of s?
3, 41
Let k(w) be the first derivative of 2*w**3/3 + 5*w**2/2 + 2. Let p be k(-6). Let q = -14 + p. What are the prime factors of q?
2, 7
List the prime factors of 1/(71127/(-7113) - -10).
2371
Suppose 109 = -2*h + 113. Suppose h*c = -4, -3*c = -4*a + c + 856. List the prime factors of a.
2, 53
Let l = 7303 + -3033. List the prime factors of l.
2, 5, 7, 61
Let o = -459 - -619. List the prime factors of o.
2, 5
What are the prime factors of 367*-3*7/(-21)?
367
Suppose -19 - 5 = -6*n. Suppose -4*z - 79 - 485 = -4*f, -n*z = 2*f - 312. What are the prime factors of f?
2, 73
Let h(b) be the first derivative of -b**4/4 - 7*b**3/3 - 5*b**2/2 + 2*b + 2. What are the prime factors of h(-7)?
37
Suppose -2*v + 10 = 0, 3*o + v - 140 = -0*o. Suppose 7*l - o = 2*l. List the prime factors of l.
3
Suppose 0 = -4*a - c + 104, -3*a + a + 4*c + 52 = 0. What are the prime factors of a?
2, 13
Suppose -15 = -0*j - 5*j. Suppose -j*r - 5*r = -272. What are the prime factors of r?
2, 17
Let z(s) = s**2 + 11*s + 8. Let d be z(-13). Let p = -96 + d. What are the prime factors of p/(-6)*3 + -2?
29
Let x = 131 - -134. List the prime factors of x.
5, 53
Suppose -a + 22 = n - 5*n, 3*a = 2*n + 16. List the prime factors of (a - 1)*832/8.
2, 13
Let h = -5718 - -8113. What are the prime factors of h?
5, 479
Let j(n) = -50*n**3 + 3*n**2 + n - 2. Let r be j(-2). Suppose -3*c - r = 5*c. Let f = c - -73. What are the prime factors of f?
2, 11
Let f(m) = -4*m - 4. Let l(r) = r**3 - 4*r**2 - r. Let o be l(2). Let q(p) = p**2 + 10*p - 7. Let j be q(o). What are the prime factors of f(j)?
2, 3
Suppose 0*p = -p + 2. Let l be p + (27*2)/2. Suppose -3*x = -l - 13. What are the prime factors of x?
2, 7
Suppose -5*b + b = -28. Suppose -7*j - 224 = -63*j. Suppose j*o - 19 + b = 0. List the prime factors of o.
3
List the prime factors of ((-6484)/6)/(3*8/(-36)).
1621
Suppose -12*x + 35*x - 82386 = 0. List the prime factors of x.
2, 3, 199
Let r = -20 - -138. Let m(g) = -4*g - 1. Let h be m(-1). Suppose -h*w + 5*n + 148 + 10 = 0, 3*w - r = -5*n. What are the prime factors of w?
2, 23
Let n be (0 + 2)*(-70)/(-28). Suppose 2*h = p + 7 + 122, n*p = -4*h + 265. What are the prime factors of h?
5, 13
Suppose -5*h + 18 = -32. Suppose 0 = -h*a + 409 - 99. What are the prime factors of a?
31
Let y = 12 - 10. Suppose -y*h = -h - 112. Let i = h + -77. List the prime factors of i.
5, 7
Let w(j) = -j**3 + 3*j**2 - 5*j + 2. Let s be w(3). Let k = s - -17. List the prime factors of (k*5)/2 + 1.
11
Suppose -7*z + 116 = -129. Let u = z - -33. What are the prime factors of u?
2, 17
What are the prime factors of (20/(-4) + 3)*(-452)/4?
2, 113
Let u = -691 + 1030. What are the prime factors of u?
3, 113
Let y(q) be the first derivative of -3 - 27/2*q**2 + q. List the prime factors of y(-1).
2, 7
Suppose -b + 1374 = 936. What are the prime factors of b?
2, 3, 73
Let h(w) be the second derivative of w**4/3 + 17*w**3/3 - 26*w. What are the prime factors of h(-13)?
2, 3, 13
Let a(t) = 2*t**3 - 9*t**2 - 66*t + 45. What are the prime factors of a(15)?
2, 3, 5, 7
Let x = -8 - -15. Suppose w = 2*u - 7, 3*u - 14 = 5*w + x. What are the prime factors of (w/2)/((-6)/112)?
2, 7
Suppose -9*g = -4*g - 45. Let j(c) = c**3 - 6*c**2 - 9*c - 2. List the prime factors of j(g).
2, 5
Let t(m) = 13*m**2 + 11*m - 14. Let w be t(-5). Suppose 0 = -5*j - s + 320, -4*j + 0*j = -3*s - w. List the prime factors of j.
2
Let v be 14*(-4)/40*-5. Suppose v*k = -8 + 554. What are the prime factors of k?
2, 3, 13
Suppose -5*m + 4*m = -2. Let u(r) = 3*r**2 + 8*r - 13. Let z be u(-4). Suppose -h = -z*o + 127, -5*o + o = m*h - 166. List the prime factors of o.
2, 3, 7
Let j(q) = q**2 + 6*q - 7. Let a be j(-7). Suppose -2*l - l = a. Suppose l = 7*z - 4*z - 78. List the prime factors of z.
2, 13
Let q = 5 - 3. Suppose -5*m + o + 48 = 0, 3